{"id":1654,"date":"2025-11-28T16:09:18","date_gmt":"2025-11-28T08:09:18","guid":{"rendered":"https:\/\/www.reelshort.com\/pt\/fandom\/?page_id=1654"},"modified":"2025-11-28T16:15:17","modified_gmt":"2025-11-28T08:15:17","slug":"atores-e-atrizes-de-reelshort","status":"publish","type":"page","link":"https:\/\/www.reelshort.com\/pt\/fandom\/atores-e-atrizes-de-reelshort\/","title":{"rendered":"Atores e Atrizes de ReelShort"},"content":{"rendered":"\n<p>Conhe\u00e7a todos os atores e atrizes de alto desempenho e suas hist\u00f3rias nos bastidores.<\/p>\n\n\n<form role=\"search\" method=\"get\" action=\"https:\/\/www.reelshort.com\/pt\/fandom\/\" class=\"wp-block-search__button-outside wp-block-search__text-button wp-block-search\"    ><label class=\"wp-block-search__label screen-reader-text\" for=\"wp-block-search__input-1\" >Pesquisar<\/label><div class=\"wp-block-search__inside-wrapper\"  style=\"width: 839px\"><input class=\"wp-block-search__input\" id=\"wp-block-search__input-1\" placeholder=\"Procurar atores ou atrizes que voc\u00ea goste no ReelShort.\" value=\"\" type=\"search\" name=\"s\" required \/><button aria-label=\"Procurar\" class=\"wp-block-search__button wp-element-button\" type=\"submit\" >Procurar<\/button><\/div><\/form>\n\n\n<p><\/p>\n\n\n\n<div class=\"wp-block-media-text is-stacked-on-mobile\" style=\"grid-template-columns:32% auto\"><figure class=\"wp-block-media-text__media\"><a href=\"https:\/\/www.reelshort.com\/es\/fandom\/adam-daniel-01-6-6b26e59df77e\/\"><img decoding=\"async\" src=\"https:\/\/www.reelshort.com\/es\/fandom\/wp-content\/uploads\/2025\/11\/Adam-Daniel1.png\" alt=\"Adam Daniel\" class=\"wp-image-3766 size-full\"\/><\/a><\/figure><div class=\"wp-block-media-text__content\">\n<h3 class=\"wp-block-heading\"><a href=\"https:\/\/www.reelshort.com\/es\/fandom\/adam-daniel-01-6-6b26e59df77e\/\">Adam Daniel<\/a><\/h3>\n\n\n\n<p>S\u00ed, escuchaste bien a Kingsley Baldwin en Largo Yo soy el jefe, El Rey de King\u2019s Corp tiene secretos bajo la manga mientras su novia lo deja por estar con un misterioso CEO. \u00bfQui\u00e9n es entonces el misterioso CEO? \u00a1Sigue siendo el \u00fanico e inigualable Kingsley Baldwin, interpretado por Adam Daniel!<\/p>\n<\/div><\/div>\n\n\n\n<p><\/p>\n","protected":false},"excerpt":{"rendered":"<p>Conhe\u00e7a todos os atores e atrizes de alto desempenho e suas hist\u00f3rias nos bastidores. Adam Daniel S\u00ed, escuchaste bien a [&hellip;]<\/p>\n","protected":false},"author":7,"featured_media":0,"parent":0,"menu_order":0,"comment_status":"closed","ping_status":"closed","template":"","meta":{"footnotes":""},"class_list":["post-1654","page","type-page","status-publish","hentry"],"yoast_head":"<!-- This site is optimized with the Yoast SEO plugin v24.0 - https:\/\/yoast.com\/wordpress\/plugins\/seo\/ -->\n<title>Atores e Atrizes de ReelShort - ReelShort Fandom Em Portugu\u00eas<\/title>\n<meta name=\"robots\" content=\"index, follow, max-snippet:-1, max-image-preview:large, max-video-preview:-1\" \/>\n<link rel=\"canonical\" href=\"https:\/\/www.reelshort.com\/pt\/fandom\/atores-e-atrizes-de-reelshort\/\" \/>\n<meta property=\"og:locale\" content=\"pt_PT\" \/>\n<meta property=\"og:type\" content=\"article\" \/>\n<meta property=\"og:title\" content=\"Atores e Atrizes de ReelShort - ReelShort Fandom Em Portugu\u00eas\" \/>\n<meta property=\"og:description\" content=\"Conhe\u00e7a todos os atores e atrizes de alto desempenho e suas hist\u00f3rias nos bastidores. Adam Daniel S\u00ed, escuchaste bien a [&hellip;]\" \/>\n<meta property=\"og:url\" content=\"https:\/\/www.reelshort.com\/pt\/fandom\/atores-e-atrizes-de-reelshort\/\" \/>\n<meta property=\"og:site_name\" content=\"ReelShort Fandom Em Portugu\u00eas\" \/>\n<meta property=\"article:modified_time\" content=\"2025-11-28T08:15:17+00:00\" \/>\n<meta name=\"twitter:card\" content=\"summary_large_image\" \/>\n<meta name=\"twitter:label1\" content=\"Tempo estimado de leitura\" \/>\n\t<meta name=\"twitter:data1\" content=\"1 minuto\" \/>\n<script type=\"application\/ld+json\" class=\"yoast-schema-graph\">{\"@context\":\"https:\/\/schema.org\",\"@graph\":[{\"@type\":\"WebPage\",\"@id\":\"https:\/\/www.reelshort.com\/pt\/fandom\/atores-e-atrizes-de-reelshort\/\",\"url\":\"https:\/\/www.reelshort.com\/pt\/fandom\/atores-e-atrizes-de-reelshort\/\",\"name\":\"Atores e Atrizes de ReelShort - ReelShort Fandom Em Portugu\u00eas\",\"isPartOf\":{\"@id\":\"https:\/\/www.reelshort.com\/pt\/fandom\/#website\"},\"primaryImageOfPage\":{\"@id\":\"https:\/\/www.reelshort.com\/pt\/fandom\/atores-e-atrizes-de-reelshort\/#primaryimage\"},\"image\":{\"@id\":\"https:\/\/www.reelshort.com\/pt\/fandom\/atores-e-atrizes-de-reelshort\/#primaryimage\"},\"thumbnailUrl\":\"https:\/\/www.reelshort.com\/es\/fandom\/wp-content\/uploads\/2025\/11\/Adam-Daniel1.png\",\"datePublished\":\"2025-11-28T08:09:18+00:00\",\"dateModified\":\"2025-11-28T08:15:17+00:00\",\"breadcrumb\":{\"@id\":\"https:\/\/www.reelshort.com\/pt\/fandom\/atores-e-atrizes-de-reelshort\/#breadcrumb\"},\"inLanguage\":\"pt-PT\",\"potentialAction\":[{\"@type\":\"ReadAction\",\"target\":[\"https:\/\/www.reelshort.com\/pt\/fandom\/atores-e-atrizes-de-reelshort\/\"]}]},{\"@type\":\"ImageObject\",\"inLanguage\":\"pt-PT\",\"@id\":\"https:\/\/www.reelshort.com\/pt\/fandom\/atores-e-atrizes-de-reelshort\/#primaryimage\",\"url\":\"https:\/\/www.reelshort.com\/es\/fandom\/wp-content\/uploads\/2025\/11\/Adam-Daniel1.png\",\"contentUrl\":\"https:\/\/www.reelshort.com\/es\/fandom\/wp-content\/uploads\/2025\/11\/Adam-Daniel1.png\"},{\"@type\":\"BreadcrumbList\",\"@id\":\"https:\/\/www.reelshort.com\/pt\/fandom\/atores-e-atrizes-de-reelshort\/#breadcrumb\",\"itemListElement\":[{\"@type\":\"ListItem\",\"position\":1,\"name\":\"Home\",\"item\":\"https:\/\/www.reelshort.com\/pt\/fandom\/\"},{\"@type\":\"ListItem\",\"position\":2,\"name\":\"Atores e Atrizes de ReelShort\"}]},{\"@type\":\"WebSite\",\"@id\":\"https:\/\/www.reelshort.com\/pt\/fandom\/#website\",\"url\":\"https:\/\/www.reelshort.com\/pt\/fandom\/\",\"name\":\"ReelShort Fandom Em Portugu\u00eas\",\"description\":\"Para toda a curiosidade dos amantes de cinema\",\"potentialAction\":[{\"@type\":\"SearchAction\",\"target\":{\"@type\":\"EntryPoint\",\"urlTemplate\":\"https:\/\/www.reelshort.com\/pt\/fandom\/?s={search_term_string}\"},\"query-input\":{\"@type\":\"PropertyValueSpecification\",\"valueRequired\":true,\"valueName\":\"search_term_string\"}}],\"inLanguage\":\"pt-PT\"}]}<\/script>\n<!-- \/ Yoast SEO plugin. -->","yoast_head_json":{"title":"Atores e Atrizes de ReelShort - ReelShort Fandom Em Portugu\u00eas","robots":{"index":"index","follow":"follow","max-snippet":"max-snippet:-1","max-image-preview":"max-image-preview:large","max-video-preview":"max-video-preview:-1"},"canonical":"https:\/\/www.reelshort.com\/pt\/fandom\/atores-e-atrizes-de-reelshort\/","og_locale":"pt_PT","og_type":"article","og_title":"Atores e Atrizes de ReelShort - ReelShort Fandom Em Portugu\u00eas","og_description":"Conhe\u00e7a todos os atores e atrizes de alto desempenho e suas hist\u00f3rias nos bastidores. Adam Daniel S\u00ed, escuchaste bien a [&hellip;]","og_url":"https:\/\/www.reelshort.com\/pt\/fandom\/atores-e-atrizes-de-reelshort\/","og_site_name":"ReelShort Fandom Em Portugu\u00eas","article_modified_time":"2025-11-28T08:15:17+00:00","twitter_card":"summary_large_image","twitter_misc":{"Tempo estimado de leitura":"1 minuto"},"schema":{"@context":"https:\/\/schema.org","@graph":[{"@type":"WebPage","@id":"https:\/\/www.reelshort.com\/pt\/fandom\/atores-e-atrizes-de-reelshort\/","url":"https:\/\/www.reelshort.com\/pt\/fandom\/atores-e-atrizes-de-reelshort\/","name":"Atores e Atrizes de ReelShort - ReelShort Fandom Em Portugu\u00eas","isPartOf":{"@id":"https:\/\/www.reelshort.com\/pt\/fandom\/#website"},"primaryImageOfPage":{"@id":"https:\/\/www.reelshort.com\/pt\/fandom\/atores-e-atrizes-de-reelshort\/#primaryimage"},"image":{"@id":"https:\/\/www.reelshort.com\/pt\/fandom\/atores-e-atrizes-de-reelshort\/#primaryimage"},"thumbnailUrl":"https:\/\/www.reelshort.com\/es\/fandom\/wp-content\/uploads\/2025\/11\/Adam-Daniel1.png","datePublished":"2025-11-28T08:09:18+00:00","dateModified":"2025-11-28T08:15:17+00:00","breadcrumb":{"@id":"https:\/\/www.reelshort.com\/pt\/fandom\/atores-e-atrizes-de-reelshort\/#breadcrumb"},"inLanguage":"pt-PT","potentialAction":[{"@type":"ReadAction","target":["https:\/\/www.reelshort.com\/pt\/fandom\/atores-e-atrizes-de-reelshort\/"]}]},{"@type":"ImageObject","inLanguage":"pt-PT","@id":"https:\/\/www.reelshort.com\/pt\/fandom\/atores-e-atrizes-de-reelshort\/#primaryimage","url":"https:\/\/www.reelshort.com\/es\/fandom\/wp-content\/uploads\/2025\/11\/Adam-Daniel1.png","contentUrl":"https:\/\/www.reelshort.com\/es\/fandom\/wp-content\/uploads\/2025\/11\/Adam-Daniel1.png"},{"@type":"BreadcrumbList","@id":"https:\/\/www.reelshort.com\/pt\/fandom\/atores-e-atrizes-de-reelshort\/#breadcrumb","itemListElement":[{"@type":"ListItem","position":1,"name":"Home","item":"https:\/\/www.reelshort.com\/pt\/fandom\/"},{"@type":"ListItem","position":2,"name":"Atores e Atrizes de ReelShort"}]},{"@type":"WebSite","@id":"https:\/\/www.reelshort.com\/pt\/fandom\/#website","url":"https:\/\/www.reelshort.com\/pt\/fandom\/","name":"ReelShort Fandom Em Portugu\u00eas","description":"Para toda a curiosidade dos amantes de cinema","potentialAction":[{"@type":"SearchAction","target":{"@type":"EntryPoint","urlTemplate":"https:\/\/www.reelshort.com\/pt\/fandom\/?s={search_term_string}"},"query-input":{"@type":"PropertyValueSpecification","valueRequired":true,"valueName":"search_term_string"}}],"inLanguage":"pt-PT"}]}},"_links":{"self":[{"href":"https:\/\/www.reelshort.com\/pt\/fandom\/wp-json\/wp\/v2\/pages\/1654","targetHints":{"allow":["GET"]}}],"collection":[{"href":"https:\/\/www.reelshort.com\/pt\/fandom\/wp-json\/wp\/v2\/pages"}],"about":[{"href":"https:\/\/www.reelshort.com\/pt\/fandom\/wp-json\/wp\/v2\/types\/page"}],"author":[{"embeddable":true,"href":"https:\/\/www.reelshort.com\/pt\/fandom\/wp-json\/wp\/v2\/users\/7"}],"replies":[{"embeddable":true,"href":"https:\/\/www.reelshort.com\/pt\/fandom\/wp-json\/wp\/v2\/comments?post=1654"}],"version-history":[{"count":2,"href":"https:\/\/www.reelshort.com\/pt\/fandom\/wp-json\/wp\/v2\/pages\/1654\/revisions"}],"predecessor-version":[{"id":1656,"href":"https:\/\/www.reelshort.com\/pt\/fandom\/wp-json\/wp\/v2\/pages\/1654\/revisions\/1656"}],"wp:attachment":[{"href":"https:\/\/www.reelshort.com\/pt\/fandom\/wp-json\/wp\/v2\/media?parent=1654"}],"curies":[{"name":"wp","href":"https:\/\/api.w.org\/{rel}","templated":true}]}}